147?
False
Is 2763880 a multiple of 140?
True
Is 56 a factor of 97504?
False
Is 228440 a multiple of 8?
True
Is 29 a factor of 414207?
True
Is 2034808 a multiple of 27?
False
Does 312 divide 335466?
False
Is 75 a factor of 982050?
True
Is 791555 a multiple of 27?
False
Does 191 divide 1383222?
True
Is 218 a factor of 6880952?
True
Does 32 divide 64480?
True
Does 198 divide 45214?
False
Is 481300 a multiple of 50?
True
Is 606 a factor of 3228162?
True
Is 55943 a multiple of 43?
True
Is 78 a factor of 6205939?
False
Is 8 a factor of 278322?
False
Is 157935 a multiple of 5?
True
Is 4725056 a multiple of 1484?
True
Is 2993904 a multiple of 8?
True
Is 29 a factor of 2301316?
False
Is 8 a factor of 205973?
False
Is 1350735 a multiple of 47?
False
Is 6 a factor of 86925?
False
Does 421 divide 925779?
True
Is 7 a factor of 818587?
True
Is 1126199 a multiple of 721?
False
Does 196 divide 100077?
False
Is 10591797 a multiple of 393?
False
Is 11 a factor of 2875?
False
Is 6558641 a multiple of 15?
False
Does 66 divide 9882871?
False
Is 1295069 a multiple of 39?
False
Is 7 a factor of 6496?
True
Is 9 a factor of 14235255?
True
Does 10 divide 87580?
True
Is 44513 a multiple of 18?
False
Is 3910644 a multiple of 10?
False
Is 122 a factor of 3904164?
False
Is 525739 a multiple of 22?
False
Does 22 divide 147950?
True
Does 72 divide 106586?
False
Is 1245424 a multiple of 202?
False
Does 357 divide 1557234?
True
Is 3 a factor of 2268322?
False
Is 7 a factor of 44234?
False
Is 7258966 a multiple of 17?
True
Is 810019 a multiple of 49?
True
Is 107 a factor of 609579?
True
Is 1530896 a multiple of 165?
False
Is 4 a factor of 955404?
True
Does 34 divide 7888?
True
Is 176 a factor of 3537424?
True
Is 320060 a multiple of 38?
False
Does 8 divide 215128?
True
Is 86782 a multiple of 4?
False
Is 83 a factor of 118723?
False
Is 178803 a multiple of 11?
False
Is 18 a factor of 435006?
True
Does 3 divide 349906?
False
Does 108 divide 2122992?
False
Does 47 divide 70790?
False
Is 473 a factor of 82775?
True
Is 94 a factor of 180762?
True
Does 108 divide 182736?
True
Does 14 divide 356642?
False
Does 31 divide 2395305?
False
Does 408 divide 7405364?
False
Is 273143 a multiple of 204?
False
Is 620081 a multiple of 17?
False
Is 55382 a multiple of 196?
False
Is 10670204 a multiple of 1916?
True
Does 29 divide 97540?
False
Does 593 divide 421165?
False
Is 122 a factor of 93208?
True
Is 5 a factor of 148710?
True
Is 633 a factor of 7286463?
True
Does 351 divide 19057?
False
Does 771 divide 1468804?
False
Is 165 a factor of 2089230?
True
Is 47110 a multiple of 7?
True
Is 48 a factor of 1843488?
True
Does 154 divide 2533608?
True
Is 73 a factor of 321273?
True
Does 49 divide 92647?
False
Is 36 a factor of 70776?
True
Is 584 a factor of 10176200?
True
Is 9002 a multiple of 18?
False
Does 1800 divide 9910615?
False
Is 36754 a multiple of 47?
True
Is 17702438 a multiple of 1333?
False
Is 2410362 a multiple of 185?
False
Is 76368 a multiple of 592?
True
Is 2916672 a multiple of 192?
True
Is 45936 a multiple of 16?
True
Does 7 divide 45240?
False
Is 6447456 a multiple of 549?
True
Does 11 divide 132792?
True
Is 97500 a multiple of 50?
True
Is 206 a factor of 52639?
False
Is 68 a factor of 8517?
False
Does 3 divide 228297?
True
Is 26598 a multiple of 45?
False
Does 284 divide 4965456?
True
Is 3897945 a multiple of 423?
True
Is 4116734 a multiple of 43?
True
Does 18 divide 30474?
True
Is 28 a factor of 19482?
False
Is 128670 a multiple of 15?
True
Is 114 a factor of 71335?
False
Does 37 divide 7172613?
False
Is 617 a factor of 1715260?
True
Is 5418160 a multiple of 19?
False
Is 5 a factor of 303975?
True
Is 404 a multiple of 4?
True
Is 11 a factor of 306185?
True
Is 207 a factor of 213003?
True
Does 19 divide 9742975?
False
Is 340 a factor of 3428560?
True
Is 1579994 a multiple of 26?
True
Is 317569 a multiple of 49?
True
Does 4 divide 9772?
True
Does 17 divide 1707276?
True
Is 22 a factor of 22245?
False
Is 15 a factor of 1720500?
True
Does 42 divide 3422286?
True
Is 193 a factor of 626671?
True
Is 24 a factor of 19879?
False
Is 34 a factor of 2587026?
True
Is 274221 a multiple of 108?
False
Does 196 divide 8411476?
False
Is 28 a factor of 106871?
False
Is 152193 a multiple of 93?
False
Does 15 divide 263961?
False
Does 6 divide 147377?
False
Is 382 a factor of 185652?
True
Is 63 a factor of 2280722?
False
Is 8 a factor of 431704?
True
Is 7431753 a multiple of 7?
True
Is 528 a factor of 2791654?
False
Does 1483 divide 4923875?
False
Is 13 a factor of 103597?
True
Is 262386 a multiple of 7?
False
Is 301234 a multiple of 89?
False
Is 442 a factor of 25353946?
False
Is 28 a factor of 29120?
True
Is 4456354 a multiple of 66?
False
Is 15 a factor of 1439211?
False
Is 65 a factor of 1604070?
True
Does 629 divide 1095381?
False
Is 604476 a multiple of 386?
True
Is 408 a factor of 478569?
False
Does 187 divide 64702?
True
Is 10 a factor of 73695?
False
Is 1906834 a multiple of 9?
False
Is 1180513 a multiple of 39?
False
Is 959 a factor of 2232888?
False
Is 109584 a multiple of 16?
True
Does 285 divide 600016?
False
Is 37044 a multiple of 27?
True
Does 48 divide 1691472?
True
Is 15 a factor of 41190?
True
Does 7 divide 15507?
False
Is 1023 a factor of 2278966?
False
Is 121 a factor of 787952?
True
Is 25696 a multiple of 16?
True
Does 65 divide 76250?
False
Is 179010 a multiple of 17?
True
Is 185929 a multiple of 38?
False
Does 6 divide 1544691?
False
Is 1005453 a multiple of 81?
True
Is 74 a factor of 4650984?
False
Is 70 a factor of 433580?
True
Is 169592 a multiple of 68?
True
Does 59 divide 73868?
True
Is 107 a factor of 16490947?
True
Does 14 divide 160132?
True
Does 159 divide 610095?
False
Does 331 divide 3953795?
True
Does 200 divide 17987600?
True
Is 110493 a multiple of 9?
True
Is 13770392 a multiple of 18?
False
Does 22 divide 54648?
True
Is 29 a factor of 2020140?
True
Is 72930 a multiple of 66?
True
Does 56 divide 15008?
True
Is 166 a factor of 5355492?
True
Does 12 divide 34188?
True
Is 2849262 a multiple of 980?
False
Does 167 divide 2429012?
False
Is 17 a factor of 1600329?
True
Is 3004831 a multiple of 19?
True
Does 21 divide 2039625?
True
Does 511 divide 267810?
False
Is 3826039 a multiple of 20?
False
Is 13 a factor of 755543?
False
Is 355865 a multiple of 7?
False
Is 142 a factor of 738156?
False
Is 73 a factor of 1834198?
True
Is 90060 even?
True
Is 629508 a multiple of 19?
True
Is 85 a factor of 31960?
True
Does 348 divide 153686?
False
Is 1346678 a multiple of 241?
False
Is 3669174 a multiple of 34?
False
Is 23 a factor of 116267?
False
Is 666444 a multiple of 4?
True
Does 12 divide 3599610?
False
Does 4 divide 14644?
True
Does 26 divide 4383418?
True
Is 535729 a multiple of 735?
False
Is 516 a factor of 14775144?
True
Is 10 a factor of 70872?
False
Does 92 divide 4300897?
False
Is 70 a factor of 90017?
False
Is 50 a factor of 2466740?
False
Is 12 a factor of 17501137?
False
Is 2 a factor of 9857?
False
Is 197 a factor of 27580?
True
Is 15 a factor of 95857?
False
Does 807 divide 3439706?
False
Is 413505 a multiple of 27?
True
Is 4259010 a multiple of 34?
True
Is 203 a factor of 569781?
False
Is 336663 a multiple of 2?
False
Is 533702 a multiple of 169?
True
Does 19 divide 3487718?
False
Is 52 a factor of 2274909?
False
Is 1634873 a multiple of 261?
False
Is 563895 a multiple of 9?
True
Does 22 divide 2838908?
False
Is 117 a factor of 4250142?
True
Is 1170664 a multiple of 149?
False
Is 26316 a multiple of 17?
True
Does 41 divide 1174814?
True
Is 1880451 a multiple of 12?
False
Is 12 a factor of 53042?
False
Is 2323377 a multiple of 647?
True
Is 193 a factor of 941991?
False
Does 51 divide 212874?
True
Does 21 divide 1153143?
False
Is 247753 a multiple of 10?
False
Is 91880 a multiple of 8?
True
Is 995350 a multiple of 122?
False
Is 683084 a multiple of 94?
False
Does 203 divide 450254?
True
Is 24 a factor of 865431?
False
Is 5849363 a multiple of 290?
False
Is 45087 a multiple of 21?
True
Is 91 a factor of 1981889?
True
Is 52746 a multiple of 185?
False
Does 92 divide 275540?
True
Is 70 a factor of 9113090?
True
Is 14 a factor of 78214?
False
Does 24 divide 280701?
False
Does 45 divide 324003?
False
Is 2156148 a multiple of 593?
True
Is 353 a factor of 3492146?
False